atest common factor of z and 250?
50
Suppose -19*x + 50*x - 11520 = -14*x. Calculate the greatest common factor of x and 164.
4
Suppose 4*w = 5*i + 106, -4*i - 2*w + w = 68. Let r(h) = -3*h - 38. Let v be r(i). What is the greatest common divisor of 64 and v?
16
Let o = 298 + -296. Suppose -30 = -4*s + o*i, -i - 39 = -3*s - 2*s. What is the highest common divisor of 104 and s?
8
Let u be ((-63)/36*(-2)/(-7))/((-3)/24). Calculate the highest common divisor of u and 323.
1
Let x = 149281 - 148737. Suppose 0 = 4*m + l - 0*l - 64, 5*l + 105 = 5*m. What is the highest common factor of m and x?
17
Let d be (-4)/(12/(-8) + 1). Let r(g) be the first derivative of 15*g**4/4 + g**3/3 + 2. Let c be r(1). Calculate the greatest common factor of d and c.
8
Let x = 134 + -246. Let f = -98 - x. Calculate the greatest common factor of 112 and f.
14
Let b be ((11 + (4 - 14))/(-1))/((-1)/121). Calculate the highest common factor of 132 and b.
11
Let i be ((23 - 230/6)/((-2)/(-2661)))/(-1). What is the greatest common divisor of 46 and i?
23
Suppose 1020 = 3*n + 3*y, n + 2*y - 410 = -72. Calculate the greatest common divisor of 162 and n.
18
Suppose y + 0 - 4 = 0. Let h be ((-60)/(-4) + -2)/1. Suppose 6*g - 109 = -h. Calculate the highest common factor of y and g.
4
Let k be (0 - -5)/(3/198). Let d(b) = 21*b**2 + 19*b + 80. Let j be d(-5). Let q = j + -480. Calculate the highest common divisor of k and q.
30
Let o(s) = -8*s**3 - 28*s**2 - 12*s + 165. Let l be o(-8). Calculate the greatest common factor of l and 741.
57
Let c be 1*-7*6*(-3)/63. Suppose -31 = -3*b - 2*j, 4 + c = 3*b - 3*j. Calculate the highest common divisor of 1 and b.
1
Let i(g) = 110*g - 12. Let f be 1 + -5 + (-210)/(-35). Let d be i(f). Calculate the highest common factor of d and 13.
13
Suppose -4*z = -2*l - 2, 2*z + 3*z = l - 5. Let h be ((-1)/z)/(24309/2700 - 9). Calculate the highest common factor of h and 12.
6
Suppose 4*u = -4*h + 32624, -4*u + 24387 = 3*h - 8229. Calculate the highest common divisor of u and 252.
84
Suppose -6*f - 46 = -460. Suppose 2*k - 39 = 283. Calculate the highest common divisor of f and k.
23
Let k(c) = 46*c + 62. Let o be k(1). Suppose 18 + 10 = -2*s. Let m = 26 + s. What is the greatest common divisor of o and m?
12
Let v(k) = k**2 + 3*k + 5. Let n be v(4). Let g(y) = 6*y**2 + 25*y + 79. Let a be g(-10). Calculate the highest common divisor of n and a.
33
Let o be (-663)/17 + 3 + 0. Let a = 29 - o. Let x(i) = i**3 - 5*i**2 - 9*i - 9. Let b be x(7). What is the highest common divisor of a and b?
13
Suppose 4*i - 138394 = -5*z, -3*z + 110*i = 108*i - 83076. Calculate the greatest common divisor of z and 109.
109
Let f be ((-4)/(-12))/(4/(48 + 0)). Suppose 0 = c + f*c - d - 96, -3*d = 2*c - 52. What is the greatest common divisor of 10 and c?
10
Let n be -63*96/(-216) - -20. What is the greatest common divisor of 17016 and n?
24
Let v = -250 - -651. Suppose -3*b = -3*k + k + 318, -3*b = 2*k - 318. Suppose -2*w + v = -k. Calculate the highest common factor of w and 28.
28
Suppose 170*g - 45*g - 32973 = 10902. Calculate the greatest common factor of 3276 and g.
117
Let y = 198 + -195. Suppose -4*h - 2*i + 96 = 0, -5*i = -y*h + h + 24. Calculate the greatest common divisor of 187 and h.
11
Let v = -39 + 534. Suppose 0 = 5*x - 2*x - v. Calculate the highest common factor of 3 and x.
3
Let r(d) = 424*d + 972. Let w be r(16). What is the highest common factor of 56 and w?
28
Let w(l) = 5*l**2 + 2*l + 4. Let q(f) = -f**2 - f - 1. Let b(i) = 6*q(i) + 3*w(i). Let k be b(3). Calculate the greatest common divisor of k and 58.
29
Let o be 0 + 9 - 3 - 6. Suppose 11*v - 16*v + 500 = o. What is the highest common factor of v and 40?
20
Suppose 0 = g + 180*k - 177*k - 6187, -3*g + 18561 = -3*k. What is the greatest common factor of 23 and g?
23
Let w(u) be the first derivative of 2*u**3/3 + 18*u**2 - 23*u - 195. Let z be w(-22). Calculate the greatest common divisor of 204 and z.
51
Let l(q) = 431*q - 4873. Let u be l(113). What is the greatest common factor of u and 90?
90
Let s(y) = -2*y**2 - 22*y + 57. Let o be s(-13). Let n be 1*(123 - -2) + 0. Suppose u - n = -4*u. Calculate the highest common divisor of o and u.
5
Let l be 7*(1204/(-42) + 2/3). Let z = l - -614. Calculate the greatest common factor of 38 and z.
38
Let x(p) = p**2 - 5*p + 9. Let h be x(6). Let d(m) = 16*m - 52. Let w be -4 + 8 + -3 - -6. Let l be d(w). What is the highest common factor of l and h?
15
Let v(k) = 2*k**3 + 3*k**2 + k - 4. Let h be v(3). Let i(d) = -d**3 - 36*d**2 - 244*d + 33. Let r be i(-27). What is the highest common divisor of h and r?
20
Let c be ((-240)/32)/((-6)/40). Suppose -3*y - u = -3*u + 45, -u = y + 15. Let s be ((-12)/y)/(2/c). What is the highest common factor of s and 15?
5
Suppose 776 = 2*t - 88. Let i = t + -418. What is the highest common divisor of 238 and i?
14
Let w = -925 - -1165. Suppose 16 - w = -16*l. Calculate the highest common factor of 1526 and l.
14
Let y be (-7)/(-1) - (-5 - -4 - -4). Suppose -y*d + 15*d = 352. What is the highest common factor of 24 and d?
8
Let k be -8 - ((-460)/4 - -7). Calculate the greatest common factor of k and 2540.
20
Suppose -111 - 39 = -2*m. Let k be 737/(-5159) + 183/7 + 1 + -2. Calculate the greatest common divisor of m and k.
25
Let h = 540 - 301. Suppose -5*o + 161 = -h. Calculate the greatest common factor of 16 and o.
16
Let i be 48/14*3675/300. Calculate the greatest common factor of 2877 and i.
21
Suppose 1283 = -l - 4*l + 2*z, -2*l = -4*z + 510. Let k = 264 + l. Let y = -16 + 72. What is the highest common divisor of k and y?
7
Let y be 48*(13 + (-170)/17 - (-7)/2). What is the highest common divisor of y and 36?
12
Let v(r) = -r**2 - 23*r + 105. Let i be v(-24). Calculate the highest common divisor of 8343 and i.
81
Suppose 0 = -3*y - 186*h + 190*h + 2656, -4*h + 3532 = 4*y. What is the greatest common divisor of 52 and y?
52
Suppose 0 = 4*c + 3 - 19. Let r be 7*(30/7 - c). Suppose 0*m + r*n = m - 9, -3*m + 3*n + 36 = 0. Calculate the greatest common factor of 165 and m.
15
Let v(j) = 18*j + 1322. Let x be v(-65). What is the greatest common divisor of 88 and x?
8
Suppose n = 5*x + 27, 3 + 6 = -3*x. Let j be (n/16)/((-7)/(-1238 - -6)). Calculate the highest common divisor of j and 72.
12
Let g(b) = -b**3 - 5*b**2 - 2*b - 48. Let a be g(-7). Suppose -9 = -3*f + 279. Calculate the highest common factor of a and f.
32
Suppose 522*p - 351 = 520*p - 5*l, -2*l - 162 = -p. What is the highest common divisor of 1596 and p?
84
Suppose 0 = 2*c + c + 3*c. Let l be (-182)/42*(-3 - c). Calculate the highest common factor of 91 and l.
13
Suppose -5*o - 4*i + 408 = -3*o, 3*i - 1006 = -5*o. Suppose 0 = 5*s - 59 - 66. Calculate the greatest common divisor of o and s.
25
Let y(h) = h**2 - 30*h - 295. Let q be y(38). What is the greatest common factor of q and 1065?
3
Let n = 22235 + -15389. What is the greatest common divisor of 168 and n?
42
Let g = 137 - 29. Let x be (-9 - -5)*19/190 + 244/10. What is the highest common factor of x and g?
12
Let r be (-23999)/(-412) - (-26)/(-8). Calculate the highest common divisor of 22 and r.
11
Suppose -9*m + 26335 = -69416. Suppose 0 = -9*u + m - 1045. Calculate the greatest common divisor of 26 and u.
26
Let p be -4*((-1575)/2)/(-15). Let c = p + 410. What is the highest common divisor of c and 60?
20
Suppose 3*t - 10 = -1. Suppose t*x - 154 = x. Suppose 3*m - 317*u + 314*u - 18 = 0, 0 = -3*m - u + 22. What is the highest common factor of x and m?
7
Suppose 0 = -0*b - 5*b. Let f(d) = -d**2 - 15098 - d + 3*d + 15118. Let o be f(b). Calculate the highest common divisor of 8 and o.
4
Let q(u) = -38*u - 24 + 12*u + 23*u. Let a(i) = 21*i + 1. Let v be a(-1). Let j be q(v). Calculate the greatest common divisor of j and 12.
12
Let c be 0 + 1 - (0 - 2). Suppose 2*a - 17*a + 30 = 0. Suppose -5*j + 1 + a = -2*t, 2*t - 7 = c*j. Calculate the highest common divisor of t and 1.
1
Suppose -7*t + 2*t + 50 = 0. Suppose -2 - 19 = -3*k, 3*i = 3*k + 909. Calculate the highest common factor of t and i.
10
Suppose 1520 = 5*s + 4*v, 3*s = -4*v + 569 + 343. Let k = 548 - s. What is the highest common factor of 61 and k?
61
Let z = 2763 - 2444. Calculate the greatest common divisor of 297 and z.
11
Let u = 29545 - 2866